 thousands digit of 1792?
1
What is the units digit of 510?
0
What is the hundreds digit of 57575?
5
What is the units digit of 3246?
6
What is the hundreds digit of 29338?
3
What is the units digit of 1483?
3
What is the units digit of 17002?
2
What is the hundreds digit of 6296?
2
What is the thousands digit of 2200?
2
What is the thousands digit of 52470?
2
What is the hundreds digit of 761?
7
What is the units digit of 13126?
6
What is the hundreds digit of 27118?
1
What is the units digit of 1463?
3
What is the units digit of 22477?
7
What is the units digit of 842?
2
What is the units digit of 7022?
2
What is the ten thousands digit of 23813?
2
What is the thousands digit of 4582?
4
What is the hundreds digit of 708?
7
What is the thousands digit of 17671?
7
What is the thousands digit of 1164?
1
What is the thousands digit of 6595?
6
What is the units digit of 1560?
0
What is the hundreds digit of 25553?
5
What is the tens digit of 353?
5
What is the thousands digit of 2322?
2
What is the hundreds digit of 457?
4
What is the tens digit of 130?
3
What is the tens digit of 1669?
6
What is the tens digit of 3656?
5
What is the hundreds digit of 385?
3
What is the units digit of 29096?
6
What is the hundreds digit of 965?
9
What is the units digit of 3977?
7
What is the tens digit of 2220?
2
What is the tens digit of 194?
9
What is the thousands digit of 12653?
2
What is the tens digit of 12525?
2
What is the units digit of 10834?
4
What is the tens digit of 2108?
0
What is the thousands digit of 7138?
7
What is the tens digit of 3771?
7
What is the units digit of 878?
8
What is the tens digit of 1478?
7
What is the hundreds digit of 126137?
1
What is the units digit of 1625?
5
What is the tens digit of 866?
6
What is the hundreds digit of 1905?
9
What is the units digit of 15094?
4
What is the hundreds digit of 291?
2
What is the tens digit of 89710?
1
What is the thousands digit of 29068?
9
What is the tens digit of 782?
8
What is the tens digit of 652?
5
What is the thousands digit of 21612?
1
What is the units digit of 2642?
2
What is the tens digit of 577?
7
What is the units digit of 2607?
7
What is the units digit of 148511?
1
What is the units digit of 49058?
8
What is the hundreds digit of 480?
4
What is the hundreds digit of 11796?
7
What is the units digit of 16420?
0
What is the hundreds digit of 10120?
1
What is the units digit of 9248?
8
What is the thousands digit of 9498?
9
What is the ten thousands digit of 51830?
5
What is the ten thousands digit of 55095?
5
What is the hundreds digit of 1780?
7
What is the hundreds digit of 1280?
2
What is the units digit of 4604?
4
What is the thousands digit of 5221?
5
What is the ten thousands digit of 90285?
9
What is the units digit of 906?
6
What is the units digit of 32?
2
What is the hundreds digit of 1042?
0
What is the hundreds digit of 13456?
4
What is the thousands digit of 137288?
7
What is the ten thousands digit of 50591?
5
What is the hundreds digit of 438?
4
What is the units digit of 45036?
6
What is the units digit of 118?
8
What is the thousands digit of 1859?
1
What is the thousands digit of 1272?
1
What is the tens digit of 32816?
1
What is the units digit of 2669?
9
What is the tens digit of 7302?
0
What is the hundreds digit of 34418?
4
What is the hundreds digit of 46582?
5
What is the units digit of 2953?
3
What is the thousands digit of 7868?
7
What is the tens digit of 355?
5
What is the hundreds digit of 152?
1
What is the hundreds digit of 8955?
9
What is the units digit of 1392?
2
What is the tens digit of 2285?
8
What is the tens digit of 14538?
3
What is the hundreds digit of 538?
5
What is the units digit of 4169?
9
What is the units digit of 3723?
3
What is the units digit of 1912?
2
What is the hundreds digit of 4530?
5
What is the hundreds digit of 2796?
7
What is the hundreds digit of 7786?
7
What is the hundreds digit of 65588?
5
What is the tens digit of 1197?
9
What is the hundreds digit of 2667?
6
What is the units digit of 437?
7
What is the hundreds digit of 16068?
0
What is the thousands digit of 4163?
4
What is the hundreds digit of 13823?
8
What is the units digit of 2553?
3
What is the hundreds digit of 25600?
6
What is the tens digit of 77670?
7
What is the thousands digit of 3206?
3
What is the hundreds digit of 3779?
7
What is the units digit of 9680?
0
What is the ten thousands digit of 26136?
2
What is the ten thousands digit of 54800?
5
What is the tens digit of 3115?
1
What is the tens digit of 2303?
0
What is the hundreds digit of 3535?
5
What is the tens digit of 4408?
0
What is the thousands digit of 18579?
8
What is the hundreds digit of 19183?
1
What is the tens digit of 21756?
5
What is the tens digit of 9356?
5
What is the hundreds digit of 294?
2
What is the ten thousands digit of 54337?
5
What is the hundreds digit of 57918?
9
What is the thousands digit of 1627?
1
What is the tens digit of 59701?
0
What is the ten thousands digit of 18389?
1
What is the ten thousands digit of 17855?
1
What is the hundreds digit of 1604?
6
What is the units digit of 456?
6
What is the tens digit of 916?
1
What is the hundreds digit of 135?
1
What is the tens digit of 17118?
1
What is the units digit of 6139?
9
What is the hundreds digit of 862?
8
What is the hundreds digit of 650?
6
What is the tens digit of 729?
2
What is the ten thousands digit of 20855?
2
What is the hundreds digit of 209?
2
What is the ten thousands digit of 48833?
4
What is the units digit of 320?
0
What is the units digit of 916?
6
What is the hundreds digit of 28544?
5
What is the hundreds digit of 2430?
4
What is the thousands digit of 18933?
8
What is the units digit of 4961?
1
What is the ten thousands digit of 165284?
6
What is the units digit of 7134?
4
What is the hundreds digit of 93480?
4
What is the thousands digit of 29485?
9
What is the units digit of 6692?
2
What is the ten thousands digit of 82819?
8
What is the hundreds digit of 4208?
2
What is the hundreds digit of 34608?
6
What is the thousands digit of 8817?
8
What is the tens digit of 32731?
3
What is the tens digit of 539?
3
What is the hundreds digit of 7389?
3
What is the tens digit of 4030?
3
What is the hundreds digit of 767?
7
What is the units digit of 4785?
5
What is the hundreds digit of 2723?
7
What is the ten thousands digit of 67167?
6
What is the hundreds digit of 712?
7
What is the hundreds digit of 3083?
0
What is the hundreds digit of 38754?
7
What is the units digit of 9633?
3
What is the units digit of 299?
9
What is the hundreds digit of 74692?
6
What is the units digit of 12653?
3
What is the hundreds digit of 155977?
9
What is the units digit of 18?
8
What is the hundreds digit of 16553?
5
What is the tens digit of 12402?
0
What is the hundreds digit of 5758?
7
What is the units digit of 106772?
2
What is the thousands digit of 15934?
5
What is the hundreds digit of 8144?
1
What is the units digit of 588?
8
What is the tens digit of 1943?
4
What is the tens digit of 1133?
3
What is the thousands digit of 5369?
5
What is the ten thousands digit of 119277?
1
What is the tens digit of 2289?
8
What is the thousands digit of 15506?
5
What is the units digit of 4106?
6
What is the thousands digit of 34166?
4
What is the thousands digit of 18881?
8
What is the thousands digit of 1591?
1
What is the units digit of 13988?
8
What is the ten thousands digit of 21534?
2
What is the tens digit of 76?
7
What is the tens digit of 14378?
7
What is the hundreds digit of 2541?
5
What is the units digit of 1251?
1
What is the tens digit of 2025?
2
What is the tens digit of 340?
4
What is the ten thousands digit of 37894?
3
What is the units digit of 152948?
8
What is the units digit of 16916?
6
What is the thousands digit of 21232?
1
What is the tens digit of 1873?
7
What is the tens digit of 2019?
1
What is the thousands digit of 50556?
0
What is the ten thousands digit of 70516?
7
What is the hundreds digit of 65801?
8
What is the tens digit of 13670?
7
What is the units digit of 6504?
4
What is the units digit of 1390?
0
What is the tens digit of 2190?
9
What is the thousands digit of 66997?
6
What is the hundreds digit of 38438?
4
What is the hundreds digit of 3428?
4
What is the tens digit